5, 0 = 5*t - 5*z - 65. What is the highest common divisor of t and h?
5
Let j be ((-18)/10)/(72/(-2400)). What is the highest common factor of j and 105?
15
Let g(v) = -v**2 + 13*v - 5. Let r be g(12). Let d(t) = -t + 1. Let k be d(-5). Let s = r + k. Calculate the greatest common factor of s and 117.
13
Let h be 43/(15/(-5) - -4). What is the highest common factor of 1 and h?
1
Suppose -3*i + 5 = 3*s + 2, 5*i = -2*s - 13. Let z be (-670)/(-6) + s/18. Calculate the highest common factor of 16 and z.
16
Suppose -232 = -71*z + 75*z. Let n be (z/(-8) + -5)*20. What is the highest common divisor of n and 360?
45
Let q = -77 + 80. Let t be q*1 + 85/5. Calculate the greatest common divisor of t and 50.
10
Let s(h) = h**2 - 4*h - 19. Let j be s(9). Suppose 5*u = j + 44. What is the greatest common divisor of u and 154?
14
Suppose 4*o = 25*o - 294. What is the greatest common divisor of 14 and o?
14
Let s(p) = 4*p**2 + 2*p - 2. Let k be s(1). Suppose k*c = c + 9. Calculate the greatest common divisor of c and 1.
1
Let w be 34/(-255) + (-4)/(-30). Let s be (w + -7)/(4/6 + -1). Calculate the highest common factor of s and 189.
21
Let f be (8/(-5))/(6/(-105)) - 2. Let x = 32 + f. What is the highest common divisor of x and 87?
29
Let f be -7 - -5 - (221 + -1). Let g = 398 + f. Suppose 0 = 2*w - 0*w + 8, -g = -4*x + 4*w. What is the highest common factor of x and 8?
8
Let q be (0 + -54)/9 - 1066*-1. What is the highest common divisor of 40 and q?
20
Let s be 1*-1 - (-22)/(-11). Let c be (6 - -1) + 1 + s. Suppose 7*r = c*r + 38. Calculate the highest common factor of r and 57.
19
Suppose 3*r - 46 = -5*j, -3*j + 2*r + 30 = 3*r. Calculate the highest common divisor of j and 2.
1
Let z(w) = -w**3 - 6*w**2 + 7*w + 2. Let r be z(-7). What is the highest common divisor of r and 19?
1
Let p(t) = -t**2 + 27*t + 31. Let f be p(25). Calculate the highest common factor of f and 18.
9
Suppose -7 = -2*i - 1. Let r be i + -2 + -5 - -10. Suppose 22 - r = 4*p. What is the highest common factor of p and 12?
4
Suppose 2*i - 2 = 6. Suppose 4*r - 26 = l - 2, -i*l = 0. What is the highest common divisor of r and 30?
6
Let i(h) = -4*h**3 - 150*h**2 - 87*h - 310. Let d be i(-37). Let u be 1 - (1 + 1) - -10. Calculate the highest common factor of d and u.
9
Let c = 1277 + -374. Calculate the highest common factor of 516 and c.
129
Suppose -2*n + 3*f + 11 = 0, n + 2*n - 14 = 5*f. Let q be (2/(-4))/(((-91)/336)/n). What is the highest common divisor of q and 3?
3
Let z = -21 - -26. Let i(d) = 51*d - 20. Let k be i(z). What is the highest common divisor of 47 and k?
47
Let m = -171 + 176. Calculate the highest common factor of m and 95.
5
Let d(b) = b + 81. Let j be d(-19). Calculate the greatest common divisor of j and 2.
2
Let u(x) = 4*x + 1. Let g be u(6). Let h = -234 + 259. What is the greatest common divisor of h and g?
25
Let t(m) be the second derivative of m**5/20 + 7*m**4/12 - m**3/3 - 4*m**2 - 5*m. Let k be t(-6). What is the highest common factor of 5 and k?
5
Let h(l) = 80*l + 166. Let s be h(-2). Calculate the greatest common divisor of 1086 and s.
6
Let j = -764 - -1439. Calculate the greatest common factor of j and 50.
25
Let s be 50/18 - 12/(-54). Suppose -s*x + 168 = 4*x. Let o be (-54)/9*-1*1. What is the highest common factor of x and o?
6
Suppose -804 = -5*j - 84. Suppose -j = -4*n - 48. Calculate the highest common divisor of n and 12.
12
Let b(z) = 74*z**2 - 4*z. Let n be b(1). Calculate the highest common factor of n and 14.
14
Suppose -3*k = 4*v + 2*k - 67, 3*v = -k + 42. What is the greatest common factor of 39 and v?
13
Let i = -62 + 89. Suppose 0 = -2*r + 4*r + 5*d - 62, 3*r = 5*d + 118. Suppose -r = 3*k - 5*k. Calculate the highest common divisor of i and k.
9
Suppose 2*i = -i + 18. Suppose 0*k + 4*w = -3*k - 4, -2*w = -k + 2. Suppose k + 6 = o. What is the highest common divisor of i and o?
6
Let u(g) = 28*g**2 - 7*g - 4. Let t be u(2). Calculate the greatest common factor of 4 and t.
2
Let x(r) = -4*r**3 - r**2 + 12*r + 17. Let m be x(-3). Calculate the highest common factor of m and 20.
20
Let q(y) = -y**3 + 7*y**2 - 5*y + 3. Suppose 2*f = 6*f - 12. Let b be q(f). Let z = 126 - 30. What is the greatest common divisor of z and b?
24
Let a = 24 + -21. Let j(z) = -z**2 - 11*z - a + 1 - 2 + 0. Let h be j(-10). What is the greatest common divisor of 30 and h?
6
Let f(z) = z**2 + 18*z - 29. Suppose 4*t = 43 + 13. Let n be (-8 + 11)/((-2)/t). Let x be f(n). What is the greatest common factor of x and 51?
17
Suppose -62 = -4*p - 2*q, -p - 3*q + 5 + 8 = 0. Calculate the greatest common factor of 12 and p.
4
Suppose 6*j = 71*j - 2210. Calculate the greatest common divisor of 1003 and j.
17
Suppose -2*z + 10 = 6. Suppose k = -z*k + 48. Let b = k - 4. Calculate the highest common factor of 108 and b.
12
Let d = -97 - -779. What is the greatest common divisor of 22 and d?
22
Let h(l) = -23*l + 288. Let y be h(0). Calculate the greatest common factor of y and 48.
48
Let l = 393 - 406. Let m = 46 - 31. Let f = m + l. Calculate the greatest common factor of 22 and f.
2
Suppose -3*j + 33 = 27. Suppose j*c - 3 - 7 = -4*f, 5*f + 26 = 3*c. What is the greatest common factor of c and 28?
7
Suppose -5*p - y = -12, p + 0*p + 3*y = -6. Suppose -l - 3*l = -r + 31, 0 = r + 3*l - p. What is the greatest common factor of 5 and r?
5
Let t(b) = b**3 + 14*b**2 + 12*b - 39. Let n be t(-12). What is the greatest common divisor of 135 and n?
15
Let k = 17 + 3. Calculate the greatest common divisor of k and 390.
10
Let k = 270 + -60. What is the greatest common divisor of k and 42?
42
Let u be (4/16 + -6 + 4)*-16. Let h(f) = -6*f**3 - f. Let r be h(-1). Calculate the greatest common factor of r and u.
7
Suppose 0*s + 21 = 4*s + g, 0 = 4*g - 4. Suppose 5*m - 35 - s = 0. Let a be (121 + -1)*3/5. What is the highest common divisor of a and m?
8
Suppose -13*w = -39*w - 11*w + 444. Suppose -3*x - q = -0*q - 36, 5*q = 2*x - 24. What is the greatest common factor of x and w?
12
Let j(q) = q**3 + 18*q**2 - 147*q - 49. Let y be j(-24). Calculate the highest common divisor of y and 1817.
23
Let p(h) = h**2 + 5*h + 24. Let x be p(3). What is the highest common factor of x and 6?
6
Let k(j) = -j**2 - 5*j + 5. Let y be k(-6). Let l be (-2)/(y - 3/(-5)). Suppose -l*d - 11 + 101 = 0. What is the greatest common factor of 9 and d?
9
Suppose 158 = 2*x - 142. Suppose -v + 18 = -3*j, 2*j + 0*j + 1 = -3*v. Suppose x = 8*r - v*r. What is the greatest common divisor of r and 20?
10
Suppose 61 + 15 = 2*o. Let d = o - 33. Calculate the greatest common factor of d and 20.
5
Suppose 5*g - t = 28, t - 9 = 4*t. Suppose 2*c + 6 = g*c. Let n be (-2 - 0)*(-3 + 2). Calculate the highest common divisor of n and c.
2
Let v(w) = -11*w + 15*w**2 - 1 + 13*w - 11*w. Let u be v(-2). What is the highest common factor of 11 and u?
11
Let c(l) be the first derivative of 6*l**2 - 2*l + 4. Let b be c(2). What is the highest common factor of b and 198?
22
Let d be 2/(30/27 - 1). Let y(k) = k**3 - 4*k**2 + 2*k - 2. Let o be y(4). Let r be 810/35*(o - -1). Calculate the greatest common divisor of d and r.
18
Suppose 740 - 2468 = -8*k. Suppose n = -2*h + 15, -n - h + 12 = 2. Suppose n*c - k = c. What is the highest common factor of c and 6?
6
Let d be 14 + -5 + -2*1/2. Suppose -d*m + 10*m = 2. Calculate the highest common divisor of m and 1.
1
Let x = -27 - -43. Suppose -8*l + 9*l - 1 = 0. Let o be 0 + l + 0 - (-71 + 68). What is the highest common factor of x and o?
4
Suppose 0 = 3*c + 23 - 149. Suppose -3*n - 190 = 2*q - 225, -5*q + 112 = 4*n. What is the highest common divisor of q and c?
14
Suppose 4*g = 6 + 6. Let v(t) = t**2 + 9*t - 4. Let s be v(-9). Let b be (-40)/10*2/s. Calculate the greatest common factor of g and b.
1
Let a be 40 - (3 - -5) - 7. Calculate the highest common factor of a and 50.
25
Let g = 111 + -55. Let y be (-1)/2 - -1 - 10/(-20). Let m = 7 + y. What is the highest common divisor of m and g?
8
Suppose -54*w = -1092 + 66. Calculate the greatest common factor of 38 and w.
19
Suppose -5*h = -z - 44, -3*z - 10 = -5*h + 42. Let n be 5 - (1 - 1 - (-210)/(-6)). What is the highest common factor of h and n?
8
Let u = -22 - -51. Let n = 392 + -160. What is the highest common divisor of u and n?
29
Let o = -4